**2 + 4*q**2 + 2*q**2 - 8*q**2 + 0*q. Calculate the remainder when 15 is divided by c(z).
3
Let q = 23 + -5. Let l be (60/(-42))/(2/(-266)). Suppose 0 = 199*y - l*y - 99. What is the remainder when q is divided by y?
7
Let y(n) be the first derivative of -n**3 - 5*n**2/2 + 9*n + 6. Let v be y(-5). Let l = 52 + v. Calculate the remainder when l is divided by 3.
2
Suppose -35*s + 59*s - 6600 = 0. Suppose -5*f = 2*x + 87 - s, -94 = -x + 3*f. What is the remainder when x is divided by 20?
14
Let j be 4/(-14) - (-36)/28. Suppose 6*t - 17 - j = 0. Let q(z) = 10*z + 2. What is the remainder when q(t) is divided by 18?
14
Suppose -5*n + 4*d + 260 = 0, -4*n + 93 = 2*d - 115. What is the remainder when 2076 is divided by n?
48
Suppose c = -13*c + 3262. Let o = c + -162. Suppose -4*t + o = -3*q, 5*t - 2*q + 4*q = 83. Calculate the remainder when 33 is divided by t.
16
Let w = 95 + -67. Suppose 2*m - 32 = w. Let j(i) = -6*i + 23. What is the remainder when j(-6) is divided by m?
29
Let z = 3942 - 2402. Suppose 22*n - z = -13*n. What is the remainder when 154 is divided by n?
22
Suppose 120 = 45*w - 465. Suppose -w*k + 280 = -5*k. What is the remainder when 60 is divided by k?
25
Let y(m) = 6*m + 32. Let i be y(-5). Let a be 6/i*(-352)/(-48). Suppose 25*v - 27*v = -a. Calculate the remainder when 42 is divided by v.
9
Let v = -7 + 256. Suppose -j - 565 = -4*w - w, -2*w + 5*j + v = 0. Suppose -w = -7*k + 147. Calculate the remainder when k is divided by 8.
5
Suppose 0 = 5*q - 4*s - 243, 4*s - 252 = -28*q + 24*q. Calculate the remainder when 522 is divided by q.
27
Suppose -2334 = -2*k - 2250. Calculate the remainder when 48 is divided by k.
6
Let l = -208 - -359. Suppose -6*d + 193 = l. What is the remainder when (48 - 0)*1/2 is divided by d?
3
Let y = 1635 + -1633. Calculate the remainder when 214 is divided by y.
0
Calculate the remainder when 26/((-7)/1183*-13) is divided by 113.
112
Suppose -1147 = -9*l + 12*l - 5*i, 0 = -5*l - 3*i - 1855. Let m = -356 - l. Calculate the remainder when 142 is divided by m.
16
Let l be 5/((-15)/(-27)) + 1. Suppose 4*m + 3*k - l - 3 = 0, -3*k + 6 = 3*m. Calculate the remainder when ((115/4)/(-23))/(3/(-48)) is divided by m.
6
Let f = 19729 + -11612. What is the remainder when f is divided by 11?
10
Let y(t) = 3*t**2 - 11*t + 30. What is the remainder when 2099 is divided by y(0)?
29
Suppose 3*g + 18 = 30. Suppose g*x - 153 + 93 = 0. Calculate the remainder when 28 is divided by x.
13
Let c(d) = -d**2 - 6*d + 19. Suppose 3*l + 0*l = -24. Calculate the remainder when 5 + (-5 - -9 - 4) is divided by c(l).
2
Let l(i) = 780*i**2 + 13*i + 2. What is the remainder when l(-1) is divided by 20?
9
Let h be 1 + 6*-2*2/(-8). Let y(x) = x + x**2 + 9*x + 13 - h*x - x. Calculate the remainder when 113 is divided by y(-6).
18
Let c be (3 - 0) + 6 + -3*28. Let a = c - -92. Suppose -32*w + 52 = -28*w. Calculate the remainder when a is divided by w.
4
Let w = -75 + 75. Suppose w = -2*r + 12 + 44. Let v = r + -6. Calculate the remainder when 108 is divided by v.
20
Suppose -49*q + 6106 + 31071 = 5229. What is the remainder when q is divided by 108?
4
Let u(g) = 2*g**3 - 28*g**2 - 20*g - 132. Calculate the remainder when 1239 is divided by u(15).
15
Suppose 12*a - 270 = -6*a + 180. Calculate the remainder when 2538 is divided by a.
13
Suppose 6*s = -2661 + 51165. What is the remainder when s is divided by 105?
104
Suppose -37 = -r - 5*y, 5*r - 5*y - 9 = -4. Calculate the remainder when 949 is divided by r.
4
Calculate the remainder when 1552 + 9 + (-72)/12 is divided by 175.
155
Suppose -748 = -4*g + 4*c, -4*g + 0*g + 768 = -9*c. Calculate the remainder when g is divided by 11.
7
Suppose -25*w + 28*w - 2*l = 7394, 3*l = 2*w - 4941. What is the remainder when w is divided by 112?
108
Let w = 33 + 78. Let x = w - 93. Calculate the remainder when 85 is divided by x.
13
Suppose 4*p = -2*g - 36, -4*g - 127 = -0*g - 3*p. What is the remainder when 1 - (-14)/(g/(-102)) is divided by 19?
14
Let n = -430 - -443. What is the remainder when 43 is divided by n?
4
Suppose 4*b - 313 = 4*z - 13, -2*b + 5*z = -150. Suppose -3*x = 2*x + 65. Let w = x - -32. What is the remainder when b is divided by w?
18
Let z = -6710 - -6732. Calculate the remainder when 1672 is divided by z.
0
Let f(z) = -2*z**3 + z**2 - 2*z - 3. Suppose -1009 = -5*k - 1039. What is the remainder when f(k) is divided by 60?
57
Let i = -46280 + 46328. Suppose -4*d - 3*y = -64, -3*y + 2*y = -d + 9. What is the remainder when i is divided by d?
9
Suppose 3*w = -2*k + 336, 5*w - 2*w + 3*k = 336. Suppose 0 = 4*l + u - 3*u - w, -31 = -l + 2*u. Calculate the remainder when l is divided by 9.
0
Let a be (-20)/11 + (-28)/154. Let j = 6 + a. Suppose -y + j*b = -18, -3*y + 3*b = -2*b - 40. What is the remainder when 20 is divided by y?
0
Let n(u) = 8 + 22*u + 10 - 8*u - 30*u. Calculate the remainder when 195 is divided by n(-2).
45
What is the remainder when 1689/(18/(-2 + 20)) is divided by 67?
14
Suppose -45 = -3*a + 2*j + 194, 5*a = -5*j + 415. What is the remainder when 3722 is divided by a?
77
Let o(d) = d + 5. Let b be o(-7). Calculate the remainder when 137 is divided by 4*1/b + 16.
11
Let k = 7652 - 7641. Calculate the remainder when 5011 is divided by k.
6
Let w be -3*8/(32/(-12)). Suppose 5*z = -4*c + 228, -5*c + 7*z = w*z - 302. Calculate the remainder when c is divided by 32.
30
Suppose 40 = -5*m + 235. Let t(q) = 3*q**3 + 33*q**2 - 5*q + 40. Calculate the remainder when t(0) is divided by m.
1
Let d be -6 + -4 + 74 + -7. Suppose 2220 = 67*w - d*w. What is the remainder when w is divided by 28?
26
Suppose -2*r + r + 4*z + 8 = 0, -2*r + 3*z = -26. What is the remainder when 2351 is divided by r?
15
Suppose -d - 5*j - 23 = 0, d - 2*d + 3*j = -9. Let s = 1114 - 1129. What is the remainder when 83 is divided by (-2)/d + (-425)/s?
25
Suppose 13 = -3*d + 5*i, d = -2*d + 2*i + 2. Suppose 2*y - y - 932 = -3*n, -d*n = y - 1244. Calculate the remainder when n is divided by 0 - -10*6/4.
12
Suppose -o + 32 = p - 53, 55 = o - 5*p. Let f be 4/(304/(-22686)*(-6)/4). Suppose -76 = 3*h - f. Calculate the remainder when o is divided by h.
39
Suppose 0 = -5*i - 29 + 9, -2*s = -5*i - 234. What is the remainder when s is divided by -6*3/27*-3*(11 - 2)?
17
Suppose -28*d + 5099 = 4*k - 29*d, 0 = 4*k - 5*d - 5095. What is the remainder when k is divided by 11?
10
Let z(l) be the second derivative of 0 - 2*l**2 - 1/6*l**3 + 22*l. Calculate the remainder when 2 is divided by z(-5).
0
Let l = -1331 + 1479. What is the remainder when l is divided by 14?
8
Let z = -312 - -478. Suppose -1860*g + 72 = -1854*g. Calculate the remainder when z is divided by g.
10
Let t = -7671 + 7685. Let v(x) = x**3 - x**2 - 5*x - 2. Let h be (2*2)/(0 + 1). Calculate the remainder when v(h) is divided by t.
12
Let d = -420 - -448. Suppose 5*x - 78 = -d. Calculate the remainder when 93 is divided by x.
3
What is the remainder when 482 is divided by 12/14 + (-1705)/(-77)?
22
Suppose -83 = 24*t - 25*t - 2*o, 2*t - 3*o - 194 = 0. What is the remainder when 1095 is divided by t?
3
Suppose -i - 5*k = -2 + 7, 0 = -4*i - 2*k - 2. Suppose 3 = x - 2*n, i = -0*n - 4*n + 4. Suppose -f = -x*f + 116. What is the remainder when 172 is divided by f?
27
Let t(x) = 2*x**2 - 5*x - 3. Let h be t(6). Let o(p) = p**3 + 12*p**2 + 35759*p + 357397. Calculate the remainder when h/4 + (-2)/(-8) is divided by o(-10).
3
Let n(h) = -205*h - 12080. Let u be 39/(4/((-16)/(-6))). Calculate the remainder when n(-59) is divided by u/3 - 4/6.
7
Let d(o) = -18*o**2 + 19*o - 129. Let v be d(9). Calculate the remainder when 3 + v/(-20) - 8/(-40) is divided by 22.
8
Suppose -5*i - 6*i - 56*i + 11926 = 0. What is the remainder when 184 is divided by i?
6
Let k = 32903 + -32846. Calculate the remainder when k is divided by 17.
6
Let a(w) = 34*w + 710. Calculate the remainder when a(-19) is divided by 35.
29
Suppose 4*g = 11 + 17. Suppose -36983 - 94803 = -739*m - 20936. Calculate the remainder when m is divided by g.
3
Suppose 3*u + 897*i = 894*i + 39, -43 = -4*u + 5*i. What is the remainder when 5518 is divided by u?
10
Suppose k = -a + 653, -5*k + 0*k - 2*a = -3262. Let r = k + -607. Calculate the remainder when 223 is divided by r.
43
Let l = -239 - -449. Suppose -5*t +